{"id":484,"date":"2019-07-23T14:46:26","date_gmt":"2019-07-23T18:46:26","guid":{"rendered":"https:\/\/www.highpoint.edu\/planetarium\/?page_id=484"},"modified":"2024-08-16T09:23:36","modified_gmt":"2024-08-16T13:23:36","slug":"how-it-was-told-to-me","status":"publish","type":"page","link":"https:\/\/www.highpoint.edu\/planetarium\/fulldome-movie-library\/how-it-was-told-to-me\/","title":{"rendered":"How It Was Told To Me"},"content":{"rendered":"<div>\n<p><iframe loading=\"lazy\" title=\"How It Was Told To Me... (trailer) by OhuDomes\" width=\"500\" height=\"281\" src=\"https:\/\/www.youtube.com\/embed\/gn-yGteoLAo?feature=oembed\" frameborder=\"0\" allow=\"accelerometer; autoplay; clipboard-write; encrypted-media; gyroscope; picture-in-picture; web-share\" referrerpolicy=\"strict-origin-when-cross-origin\" allowfullscreen><\/iframe><\/p>\n<\/div>\n<div><\/div>\n<div><\/div>\n<div><\/div>\n<div><b>Description:<br \/>\n<\/b><\/div>\n<div><\/div>\n<div>\n<p>OHU Domes are proud to present <em>HOW IT WAS TOLD TO ME: M\u0100ORI LEGENDS FROM NEW ZEALAND<\/em>, a unique collection of three theatrical short animations.\u00a0<em>THE CREATION STORY, RONA AND THE MOON<\/em>, and\u00a0<em>THE GREAT WAKA<\/em>\u00a0deliver three New Zealand M\u0101ori stories of the southern skies, in a theatrical, creative and engaging way.\u00a0<em>HOW IT WAS TOLD TO ME<\/em>\u00a0can be showcased as a complete series with a total running length of 17 minutes, or screened individually as an enriching program addition, each with a running length of approximately five minutes.<\/p>\n<p><em>THE CREATION STORY<\/em>\u00a0is The New Zealand M\u0101ori Story of how Ranginui the Sky Father and Papat\u016banuku the Earth Mother, held each other in such a tight embrace that no light could shine through and their many children had to live in darkness. After years of struggle, T\u016bmatauenga and T\u0101ne Mahuta plot to push their parents apart, while T\u0101whirim\u0101tea fights back to keep them together, resulting in the creation of the world, and the three brothers becoming the M\u0101ori gods of war, the forest, and the winds. Winner Best Short Film, Digistar User Group Conference 2014.<\/p>\n<p><em>RONA AND THE MOON<\/em>\u00a0tells the New Zealand M\u0101ori story of how Marama, the Moon, came to look the way it does in our southern skies today. We meet Rona in a quaint fishing village on the night of a full moon, as she prepares a feast for her family\u2019s return from the great seas. Rona\u2019s sharp temper, quick tongue and impulsive actions have life-changing consequences. Winner Best Short Film, Fiske Fulldome Film Festival 2016.<\/p>\n<p><em>THE GREAT WAKA<\/em>\u00a0tells the New Zealand M\u0101ori story of how a fisherman, Tamareriti, created the Milky Way with all its constellations, and for the first time brought light to our Southern night skies. Look up from The South Pacific, and you\u2019ll see his Great Waka canoe traveling across the sky. Find out how the waka came to be there and how through the ages it has guided Polynesian sailors navigating the southern seas. There are many versions of these stories stemming from different Iwi tribes of Aotearoa New Zealand.<\/p>\n<p>These three short films were developed by OHU Domes for Stardome\u2019s \u2018Matariki Dawn\u2019 show in Auckland, and feature recordings of traditional M\u0101ori instruments by Dr Richard Nunns, narration by Te Kohe Tuhaka, T\u0101nea Heke, Rangimoana Taylor with sound design by Dylan Storey. OHU Domes is a collective of like-minded artists with high-end experience aiming to create high quality, engaging dome content.<br \/>\nwww.ohufx.com\/ohudomes<\/p>\n<div>\n<p><strong>Full Version Runtime:<\/strong><\/p>\n<p><em>(all three stories)<\/em><\/p>\n<div><\/div>\n<div>\n<div>\n<p>17 minutes<\/p>\n<div>\n<div><\/div>\n<div>\n<p><strong>Individual Story Runtimes:<\/strong><\/p>\n<div>\n<div><\/div>\n<div>\n<p>5.5 minutes<\/p>\n<div>\n<div><\/div>\n<div>\n<p><b>Suitable for:<\/b><\/p>\n<div>\n<div><\/div>\n<div>\n<p>College, General Audiences, Grades 1-3, Grades 4-5, Grades 6-8, Grades 9-12<\/p>\n<div>\n<div><\/div>\n<div>\n<p><strong>Target Audience:<\/strong><\/p>\n<div>\n<div><\/div>\n<div>\n<p>Grades 1 &#8211; 8<\/p>\n<div>\n<div><\/div>\n<div>\n<p><b>Covered Subject Areas:<\/b><\/p>\n<div>\n<div><\/div>\n<div>\n<p>Cosmology, Entertainment, History &amp; Ancient Cultures, Mythology, Younger Audiences<\/p>\n<div>\n<div><\/div>\n<div>\n<p><strong>Plot Keywords:<\/strong><\/p>\n<div>entertainment, mythology, astronomy, moon, constellation<\/div>\n<div>\n<p>&nbsp;<\/p>\n<p><strong>Fulldome Database (FDDB) Entry:<\/strong><\/p>\n<p><a href=\"https:\/\/www.fddb.org\/fulldome-shows\/how-it-was-told-to-me-maori-legends-from-new-zealand\/\">https:\/\/www.fddb.org\/fulldome-shows\/how-it-was-told-to-me-maori-legends-from-new-zealand\/<\/a><\/p>\n<p>&nbsp;<\/p>\n<\/div>\n<\/div>\n<\/div>\n<\/div>\n<\/div>\n<\/div>\n<\/div>\n<\/div>\n<\/div>\n<\/div>\n<\/div>\n<\/div>\n<\/div>\n<\/div>\n<\/div>\n<\/div>\n<\/div>\n<\/div>\n<\/div>\n<\/div>\n<\/div>\n<\/div>\n<\/div>\n","protected":false},"excerpt":{"rendered":"<p>Description: OHU Domes are proud to present HOW IT WAS TOLD TO ME: M\u0100ORI LEGENDS FROM NEW ZEALAND, a unique collection of three theatrical short animations.\u00a0THE CREATION STORY, RONA AND&#8230;<\/p>\n","protected":false},"author":317,"featured_media":0,"parent":190,"menu_order":0,"comment_status":"closed","ping_status":"closed","template":"","meta":{"_acf_changed":false,"_hpuaeo_plugin_post_data":"","_hpuaeo_plugin_meta_tags":"","footnotes":"","_links_to":"","_links_to_target":""},"class_list":["post-484","page","type-page","status-publish","hentry"],"acf":[],"yoast_head":"<!-- This site is optimized with the Yoast SEO Premium plugin v27.1 (Yoast SEO v27.1.1) - https:\/\/yoast.com\/product\/yoast-seo-premium-wordpress\/ -->\n<title>How It Was Told To Me - Culp Planetarium<\/title>\n<meta name=\"robots\" content=\"index, follow, max-snippet:-1, max-image-preview:large, max-video-preview:-1\" \/>\n<link rel=\"canonical\" href=\"https:\/\/www.highpoint.edu\/planetarium\/fulldome-movie-library\/how-it-was-told-to-me\/\" \/>\n<meta property=\"og:locale\" content=\"en_US\" \/>\n<meta property=\"og:type\" content=\"article\" \/>\n<meta property=\"og:title\" content=\"How It Was Told To Me\" \/>\n<meta property=\"og:description\" content=\"Description: OHU Domes are proud to present HOW IT WAS TOLD TO ME: M\u0100ORI LEGENDS FROM NEW ZEALAND, a unique collection of three theatrical short animations.\u00a0THE CREATION STORY, RONA AND...\" \/>\n<meta property=\"og:url\" content=\"https:\/\/www.highpoint.edu\/planetarium\/fulldome-movie-library\/how-it-was-told-to-me\/\" \/>\n<meta property=\"og:site_name\" content=\"Culp Planetarium\" \/>\n<meta property=\"article:modified_time\" content=\"2024-08-16T13:23:36+00:00\" \/>\n<meta name=\"twitter:card\" content=\"summary_large_image\" \/>\n<meta name=\"twitter:label1\" content=\"Est. reading time\" \/>\n\t<meta name=\"twitter:data1\" content=\"3 minutes\" \/>\n<script type=\"application\/ld+json\" class=\"yoast-schema-graph\">{\"@context\":\"https:\/\/schema.org\",\"@graph\":[{\"@type\":\"WebPage\",\"@id\":\"https:\/\/www.highpoint.edu\/planetarium\/fulldome-movie-library\/how-it-was-told-to-me\/\",\"url\":\"https:\/\/www.highpoint.edu\/planetarium\/fulldome-movie-library\/how-it-was-told-to-me\/\",\"name\":\"How It Was Told To Me - Culp Planetarium\",\"isPartOf\":{\"@id\":\"https:\/\/www.highpoint.edu\/planetarium\/#website\"},\"datePublished\":\"2019-07-23T18:46:26+00:00\",\"dateModified\":\"2024-08-16T13:23:36+00:00\",\"breadcrumb\":{\"@id\":\"https:\/\/www.highpoint.edu\/planetarium\/fulldome-movie-library\/how-it-was-told-to-me\/#breadcrumb\"},\"inLanguage\":\"en-US\",\"potentialAction\":[{\"@type\":\"ReadAction\",\"target\":[\"https:\/\/www.highpoint.edu\/planetarium\/fulldome-movie-library\/how-it-was-told-to-me\/\"]}],\"publisher\":{\"@id\":\"https:\/\/www.highpoint.edu\/#University\"}},{\"@type\":\"BreadcrumbList\",\"@id\":\"https:\/\/www.highpoint.edu\/planetarium\/fulldome-movie-library\/how-it-was-told-to-me\/#breadcrumb\",\"itemListElement\":[{\"@type\":\"ListItem\",\"position\":1,\"name\":\"Home\",\"item\":\"https:\/\/www.highpoint.edu\/planetarium\/\"},{\"@type\":\"ListItem\",\"position\":2,\"name\":\"Fulldome Movie Library\",\"item\":\"https:\/\/www.highpoint.edu\/planetarium\/fulldome-movie-library\/\"},{\"@type\":\"ListItem\",\"position\":3,\"name\":\"How It Was Told To Me\"}]},{\"@type\":\"WebSite\",\"@id\":\"https:\/\/www.highpoint.edu\/planetarium\/#website\",\"url\":\"https:\/\/www.highpoint.edu\/planetarium\/\",\"name\":\"Culp Planetarium\",\"description\":\"\",\"potentialAction\":[{\"@type\":\"SearchAction\",\"target\":{\"@type\":\"EntryPoint\",\"urlTemplate\":\"https:\/\/www.highpoint.edu\/planetarium\/?s={search_term_string}\"},\"query-input\":{\"@type\":\"PropertyValueSpecification\",\"valueRequired\":true,\"valueName\":\"search_term_string\"}}],\"inLanguage\":\"en-US\",\"publisher\":{\"@id\":\"https:\/\/www.highpoint.edu\/#University\"}}]}<\/script>\n<!-- \/ Yoast SEO Premium plugin. -->","yoast_head_json":{"title":"How It Was Told To Me - Culp Planetarium","robots":{"index":"index","follow":"follow","max-snippet":"max-snippet:-1","max-image-preview":"max-image-preview:large","max-video-preview":"max-video-preview:-1"},"canonical":"https:\/\/www.highpoint.edu\/planetarium\/fulldome-movie-library\/how-it-was-told-to-me\/","og_locale":"en_US","og_type":"article","og_title":"How It Was Told To Me","og_description":"Description: OHU Domes are proud to present HOW IT WAS TOLD TO ME: M\u0100ORI LEGENDS FROM NEW ZEALAND, a unique collection of three theatrical short animations.\u00a0THE CREATION STORY, RONA AND...","og_url":"https:\/\/www.highpoint.edu\/planetarium\/fulldome-movie-library\/how-it-was-told-to-me\/","og_site_name":"Culp Planetarium","article_modified_time":"2024-08-16T13:23:36+00:00","twitter_card":"summary_large_image","twitter_misc":{"Est. reading time":"3 minutes"},"schema":{"@context":"https:\/\/schema.org","@graph":[{"@type":"WebPage","@id":"https:\/\/www.highpoint.edu\/planetarium\/fulldome-movie-library\/how-it-was-told-to-me\/","url":"https:\/\/www.highpoint.edu\/planetarium\/fulldome-movie-library\/how-it-was-told-to-me\/","name":"How It Was Told To Me - Culp Planetarium","isPartOf":{"@id":"https:\/\/www.highpoint.edu\/planetarium\/#website"},"datePublished":"2019-07-23T18:46:26+00:00","dateModified":"2024-08-16T13:23:36+00:00","breadcrumb":{"@id":"https:\/\/www.highpoint.edu\/planetarium\/fulldome-movie-library\/how-it-was-told-to-me\/#breadcrumb"},"inLanguage":"en-US","potentialAction":[{"@type":"ReadAction","target":["https:\/\/www.highpoint.edu\/planetarium\/fulldome-movie-library\/how-it-was-told-to-me\/"]}],"publisher":{"@id":"https:\/\/www.highpoint.edu\/#University"}},{"@type":"BreadcrumbList","@id":"https:\/\/www.highpoint.edu\/planetarium\/fulldome-movie-library\/how-it-was-told-to-me\/#breadcrumb","itemListElement":[{"@type":"ListItem","position":1,"name":"Home","item":"https:\/\/www.highpoint.edu\/planetarium\/"},{"@type":"ListItem","position":2,"name":"Fulldome Movie Library","item":"https:\/\/www.highpoint.edu\/planetarium\/fulldome-movie-library\/"},{"@type":"ListItem","position":3,"name":"How It Was Told To Me"}]},{"@type":"WebSite","@id":"https:\/\/www.highpoint.edu\/planetarium\/#website","url":"https:\/\/www.highpoint.edu\/planetarium\/","name":"Culp Planetarium","description":"","potentialAction":[{"@type":"SearchAction","target":{"@type":"EntryPoint","urlTemplate":"https:\/\/www.highpoint.edu\/planetarium\/?s={search_term_string}"},"query-input":{"@type":"PropertyValueSpecification","valueRequired":true,"valueName":"search_term_string"}}],"inLanguage":"en-US","publisher":{"@id":"https:\/\/www.highpoint.edu\/#University"}}]}},"_links":{"self":[{"href":"https:\/\/www.highpoint.edu\/planetarium\/wp-json\/wp\/v2\/pages\/484","targetHints":{"allow":["GET"]}}],"collection":[{"href":"https:\/\/www.highpoint.edu\/planetarium\/wp-json\/wp\/v2\/pages"}],"about":[{"href":"https:\/\/www.highpoint.edu\/planetarium\/wp-json\/wp\/v2\/types\/page"}],"author":[{"embeddable":true,"href":"https:\/\/www.highpoint.edu\/planetarium\/wp-json\/wp\/v2\/users\/317"}],"replies":[{"embeddable":true,"href":"https:\/\/www.highpoint.edu\/planetarium\/wp-json\/wp\/v2\/comments?post=484"}],"version-history":[{"count":0,"href":"https:\/\/www.highpoint.edu\/planetarium\/wp-json\/wp\/v2\/pages\/484\/revisions"}],"up":[{"embeddable":true,"href":"https:\/\/www.highpoint.edu\/planetarium\/wp-json\/wp\/v2\/pages\/190"}],"wp:attachment":[{"href":"https:\/\/www.highpoint.edu\/planetarium\/wp-json\/wp\/v2\/media?parent=484"}],"curies":[{"name":"wp","href":"https:\/\/api.w.org\/{rel}","templated":true}]}}